 = -348 + 242. Let s = i - -137. What is the units digit of s?
1
Suppose -w = -434 + 314. What is the units digit of w?
0
Suppose -x - 3*x = 4. What is the tens digit of (x - -23 - -1) + -4?
1
Let y(t) = t**3 + 33*t**2 + 10*t + 69. What is the tens digit of y(-32)?
7
Suppose 0 = 3*v + 4*a + 18, 0 = v + 2*a + 6. Let f = -10 - v. What is the units digit of 1185/20 + (-3)/f?
0
Let k be (4/(-3))/(2/(-3)). Suppose -20 = k*i + 2*i. What is the units digit of ((-21)/i)/((-5)/(-25))?
1
What is the units digit of 8 + -4 + 1 + -1 + 160?
4
Let o = 10 - 25. Let a be (-377)/o - (-26)/(-195). Let p = -14 + a. What is the units digit of p?
1
Let f = 18 + -16. Suppose -k = -f*k + 58. What is the tens digit of k?
5
Suppose -n = 2*n - 18. What is the tens digit of 174 - 4*(1 + n/(-4))?
7
What is the hundreds digit of (11 + (-171)/(-18))/(2/100)?
0
Suppose 8*s + 11*s + 2622 = 0. What is the units digit of s*(0 + (-8)/6)?
4
Let g(v) = v**3 + 24*v**2 + 36*v + 21. What is the hundreds digit of g(-20)?
9
Suppose 2*k = -3*p - 1112 + 3337, -4*k = -5*p + 3701. What is the units digit of p?
1
Suppose 3*k - 4*k + 23 = 0. Let u = k + 15. Suppose 0 = -p + 4*v - 3 + u, -3*p + 91 = 2*v. What is the tens digit of p?
3
Let q = -1 + 1. Let r(u) = 4*u**2 - 14*u. Let a be r(6). Suppose -5*k = -q*k - 3*m - a, -3*k = 5*m - 36. What is the units digit of k?
2
Let n(c) = 6*c**2 + c + 1. Let q be n(-1). Suppose -q = -k + 3*k. Let j(u) = u**2 - 2*u - 4. What is the units digit of j(k)?
1
Suppose 4*d - 2556 = 16*l - 18*l, -d + 642 = 2*l. What is the units digit of d?
8
Let s be 3 + (42/5)/(12/80). Suppose i - 4 = -c + 3*i, 5*c + 3*i = s. What is the tens digit of c?
1
Let m = 15 - 48. Let k = m + 79. What is the tens digit of k?
4
Let t = 30 - 19. Suppose -5*p = -4*h + 2, -9 = -h - p - 4. What is the tens digit of t/(h - (-1 - -3))?
1
Let t be 4/((-40)/(-315))*2. Suppose 3*k - 2*k - t = 0. What is the units digit of k?
3
What is the thousands digit of 659950/225 + 1/(-9)?
2
Suppose 2040 = 41*x - 5176. What is the units digit of x?
6
Suppose -9 = -3*v, 3*h - 2318 = -4*v + 7975. What is the hundreds digit of h?
4
Suppose -3*p = -0*p - 51. Suppose q - 8 = p. Suppose 2*n - q = n - 2*f, -3*n + f + 61 = 0. What is the tens digit of n?
2
Let c be 2*(-4 + 2) - (-68 + 12). What is the tens digit of (0 + c/2)*(-2)/(-4)?
1
Let o be 0 + -1*(2 + 3). Let f(a) = 0 - 5*a**2 + 0*a + 3 - 6*a + 4*a**2. What is the units digit of f(o)?
8
Suppose 4*y = -3*i - 350 + 993, -4*y + 4*i = -664. Let x = 328 - y. What is the tens digit of x?
6
Suppose -3*y = -3*w + y + 30, -2*w - 3*y = -37. Suppose j = w + 38. What is the units digit of j?
2
Let x = 11 - -3. Let n be 74/x - 6/21. Suppose -n*t - 36 = -146. What is the units digit of t?
2
Let q = 6 + -3. Suppose 4*t + 71 = 5*l, -q*t - 4*l - l - 27 = 0. Let s = -5 - t. What is the units digit of s?
9
Suppose 12 = 7*v - 4*v. Suppose 0 = v*t - 8*t + 604. What is the tens digit of t?
5
Suppose -x + 16 = 4*y, 0 = 5*y - x - 0*x - 29. Suppose 6*s = y*s. Suppose 42*k - 44*k + 78 = s. What is the units digit of k?
9
What is the units digit of 1 + 43085/25 + 9/15?
5
Suppose -19*a = -5*d - 21*a + 26474, 3*d - 15878 = 2*a. What is the thousands digit of d?
5
Suppose 9*q + 13*q - 12342 = 0. What is the tens digit of q?
6
Let q be ((-2)/(-3))/((-1)/27). Suppose 46 = d + 22. Let v = q + d. What is the units digit of v?
6
Suppose -2*o - 5*i + 1025 + 251 = 0, -5*i - 2582 = -4*o. Suppose t - 30 = -2*x + 281, -o = -2*t + 3*x. What is the units digit of t?
7
Let r = -15 + -3. Let l = 18 + r. Suppose -s + l*s = -39. What is the units digit of s?
9
Suppose 0 = 3*p - 21 - 24. What is the tens digit of (85/p - 5)*36?
2
Let p be (-20)/(-50) + 26/10. Suppose -2*n - 10 = 0, p*n = -5*f + n. What is the units digit of 1 + 7 - f/(-1)?
0
Let v(d) = -317*d - 1. Let f be v(-1). Suppose -f = -4*h - 3*l, 31 - 207 = -2*h + 3*l. What is the units digit of h?
2
Let t(h) = h**2 - 18*h + 3. Let g be t(18). Suppose -5*n = g*r + r - 341, 190 = 2*r - 4*n. What is the tens digit of r?
8
What is the tens digit of 32/48 + 562/3 + 3?
9
Let j(t) = t**3 + 7*t**2 - 2*t - 5. Let k be j(-7). Let s(u) = -6*u**3 + 3*u**3 - 3 - 13*u + 2*u**3 - 2*u**2 - k*u**2. What is the tens digit of s(-10)?
2
Suppose 4*m - 138 = -42. Suppose 9*w - 6*w + m = 0. What is the units digit of (-3)/12 + (-82)/w?
0
Let t(w) = -10*w + 10. Let s be t(-5). What is the tens digit of (-706)/(-8) - 15/s?
8
Suppose -14*h + 25*h - 7788 = 0. What is the units digit of h?
8
Let t = 7012 + -2088. What is the units digit of t?
4
What is the units digit of 800/3 - (132/(-18) - -8)?
6
Let c(u) = 2*u**2 - 5*u + 6. Let i be c(6). Let k = i + -5. What is the units digit of k?
3
Let b(g) = 3. Suppose 14 = -o + 3*q + q, -q = -4. Let j(t) = t - 6. Let y(k) = o*j(k) + 5*b(k). What is the units digit of y(0)?
3
Suppose 5*w = -0*w + 90. Suppose -w = 4*k - 438. What is the hundreds digit of k?
1
Let u(y) = y**3 - 3*y**2 - 2*y. Let p be u(4). Let k be 4/16 - 2/p. Suppose x - 1 - 4 = k, -2*x = 4*r - 46. What is the units digit of r?
9
Let a = -2 + 2. Let f be (-3)/(a + 6/20). What is the tens digit of (8/(-6))/(f/135)?
1
Suppose 4*q - 2*z = 1598, 5*q - 11*z - 2020 = -13*z. What is the tens digit of q?
0
Let b(w) = -20*w - 69. Let i(a) = 5*a + 17. Let v(r) = -2*b(r) - 9*i(r). Let t be v(-6). Suppose 0 = -2*f - 5 + t. What is the units digit of f?
5
Let k(g) = 97*g - 83. What is the hundreds digit of k(7)?
5
What is the thousands digit of ((-8)/(-4) - 265)*(-22 + 13)?
2
Let v = 0 + 1. Suppose 3*w = v + 8. Suppose 6*p - 33 = w*p. What is the units digit of p?
1
Let m = -124 - -140. Let l(w) = w**3 + 7*w**2 + 8*w. Let j be l(-6). What is the units digit of m/6 - j/36?
3
Suppose 794 = -3*t + 7385. What is the thousands digit of t?
2
What is the units digit of 10 + 244 + -9 + -5?
0
Let u(r) = r**2 + 9. Let n be u(7). Let f = n - 4. What is the tens digit of f?
5
Let l = -91 + 901. What is the tens digit of l?
1
Let t(n) = -3 - 4*n + 3*n**2 - 8 + 7. Let i be t(-2). Let p(b) = -b**3 + 16*b**2 + 3*b - 12. What is the units digit of p(i)?
6
Let j(b) = -13*b**2 - 8*b - 3. Let i(r) = -6*r**2 - 4*r - 1. Let g(p) = 7*i(p) - 4*j(p). What is the tens digit of g(-2)?
3
Suppose -5*h = -20, -4*h = 5*s - 25 - 781. What is the hundreds digit of s?
1
Let f(i) = -i**2 - 7*i + 10. Let t be f(-8). Suppose 4*m = 4*z + 248, t*m - 115 = -z + 6*z. What is the units digit of m?
5
Suppose -5*o = 2*j - 249, 13 = -2*j + 7. What is the units digit of o?
1
What is the units digit of (-4)/(13 - 1) - (-24065)/15?
4
Let b(h) = -3*h**3 - h**2 - 2*h + 2. Let k be b(1). What is the tens digit of 164/6*(7 + k)?
8
Let c(d) = -33*d - 9. What is the hundreds digit of c(-18)?
5
Let m(b) = 102 - 139 + 2*b + 0*b**2 + 3*b**2 + 2*b. What is the hundreds digit of m(-10)?
2
Suppose -o = 65 + 26. Let p = 13 - o. What is the units digit of p?
4
Suppose -2*i = -64 - 14. Suppose -2*w = 5*p - 10, 3*w - 5*p + i - 4 = 0. Let d(k) = 2*k**2 - k - 7. What is the tens digit of d(w)?
4
Let n(w) = 9*w**2 - w + 1. Suppose 2*q - 10 = -3*q. Suppose -5*f - q = -7. What is the units digit of n(f)?
9
Suppose 0 = -3*l + 5*l - 298. Suppose -4*f + l = -75. Let b = f + -26. What is the units digit of b?
0
Suppose 0 = 4*t - 3*q - 3022, -5*q - 1265 = -5*t + 2510. What is the hundreds digit of t?
7
Let z(o) = 31*o**2 - 31*o + 23. What is the tens digit of z(9)?
5
Suppose -4*j = j - 1185. Let l = -461 + j. What is the tens digit of l/(-6) + (-1)/3?
3
Suppose -4*w + 3*w + 10 = 0. Let z be (-225)/w - (-2)/(-4). Let p = 71 + z. What is the units digit of p?
8
Suppose -14*u + 5850 + 10740 = 0. What is the thousands digit of u?
1
Let o(b) = -7*b**3 + b**2 + b + 3. Let x(q) = -q**3 + q. Let s(a) = -o(a) + 5*x(a). What is the units digit of s(2)?
7
Suppose 5*f - 10917 = 3*q, -10*q = -3*f - 5*q + 6563. What is the thousands digit of f?
2
Let r(q) = 43*q**2 - 2*q - 1. Suppose 7*h = 5*h - 2. Let b be r(h). What is the units digit of (b/(-8))/(1/(-2))?
1
Let d(i) = 4*i + 33. Let u be d(-9). Let y(l) = -8*l**3 - 4*l**2 - l. What is the hundreds digit of y(u)?
1
Let v(t) = -t - 4. Let x be v(-9). Suppose 5 = -r + 3, -r - 3357 = x*y. What is the units digit of y/(-44) - (-1)/(-4)?
5
Let s be (-3)/27*-3*9. Suppose -4*a = 4*y - a - 122, 2*y - 70 = s*a. Wha